) = -14*i - 184. Let s(a) = 25*a + 327. Let o(r) = -16*n(r) - 9*s(r). Suppose 0 = 3*g - t - 16, -g + 7*t - 2*t + 24 = 0. Give o(g).
-3
Let t = -58 + 67. Let l(n) = -9*n + 18. Let r be (40/(-12))/5*(-9)/(-2). Let o(y) = 5*y - 9. Let w(s) = r*l(s) - 5*o(s). Give w(t).
9
Suppose 3*d + 2*d + 35 = 0. Let t(g) = 194*g - 55. Let s(j) = 620*j - 178. Let q(k) = 5*s(k) - 16*t(k). What is q(d)?
18
Let s(a) = -13 + 27 + 2*a + 19 + 1. Let v be s(-16). Let m(n) = -n**3 + 3*n**2 - 3*n. What is m(v)?
-2
Let m(k) be the first derivative of -k**4/4 - 4*k**3/3 + k**2 - k - 1. Let d = -193 - -67. Let j = 122 + d. What is m(j)?
-9
Let s(q) = 4*q - q**2 + 1131 - 3*q**2 - 2269 + 1135. Determine s(3).
-27
Let w(q) = 1. Let o(j) = 16*j - 17. Let n(g) = -o(g) - 4*w(g). Let i(c) = 4*c - 3. Let m = -1452 + 1478. Let u(a) = m*i(a) + 6*n(a). Calculate u(1).
8
Let p(h) be the first derivative of -h**3/3 + 2*h**2 - 7*h - 1108. Calculate p(6).
-19
Let m be 3/(-12) + (-220)/(-176). Let c(i) = -36*i + 42. Give c(m).
6
Let y(n) = -n**2 + 6*n + 1. Suppose 6*k - 10 = 14. Suppose -2*h + 2*l = -3*h + 13, -k*l = 5*h - 35. Suppose -3*p + 36 = h*p. Calculate y(p).
1
Let q(c) = -3*c**3 - 16*c**2 + 2*c + 47. Let b(v) = 10*v**3 + 52*v**2 - 9*v - 140. Let x(z) = -2*b(z) - 7*q(z). What is x(-6)?
-1
Let a(g) be the third derivative of -g**6/120 - g**5/20 - 5*g**4/24 - 2*g**3/3 + 5477*g**2. Calculate a(-1).
-1
Let i(n) = -n - 4. Suppose -o + 5*r + 2 - 4 = 0, 0 = -3*r - 3. Let a(f) = f + 3. Let w(q) = o*a(q) - 6*i(q). Suppose j = -8*j + 36. Determine w(j).
-1
Let q(v) = -v**3 - 7*v**2 + 10. Suppose -14*z - 75 = -9*z. Let g(t) = -t**2 - 9*t + 9. Let f be g(z). Let x = 74 + f. Determine q(x).
10
Let x(j) be the third derivative of -j**6/120 - j**5/4 - 2*j**4/3 - 13*j**3/3 + 1360*j**2. Give x(-14).
2
Suppose -12 = -q + 5*q, -609 = -3*i + 3*q. Let s = -216 + i. Let k(v) = -2*v - 33. Determine k(s).
-1
Let f(s) = s**3 + 12*s**2 + 15*s + 46. Let j be f(-11). Suppose -4*q = j*z + 16, -7*q + 2*z = -4*q - 2. Let t(d) = d**2 + 5*d + 6. Calculate t(q).
0
Let y(o) = -13*o**2 - o - 1. Let c be (0 - (0 - 0))/(-1) + -28. Let m be c/6 - 1/3. Let v be m/10*(-1 + -1)*-1. Give y(v).
-13
Let l(w) = w - 77058 + 38530 + 38531 - w**2. Suppose -2*m + 20 = -5*x, 5*m + 4*x = 3*x - 4. Give l(m).
3
Let j(h) = 2*h**2 + 3*h + 15. Let u = -36675 - -36670. What is j(u)?
50
Let v(o) be the first derivative of -o**3/3 - 7*o**2 - 20*o + 158644. Let c = -18 - -6. Determine v(c).
4
Let y(n) = -410*n**3 + n**2 - n - 1. Let s be y(1). Let o = 402 + s. Let u(f) = -f**3 - 10*f**2 - 11*f - 11. Give u(o).
7
Suppose -2*g + 30 = -2*k, 3*g - 4*k - 41 = -5*k. Let z(p) = p - g + 22 - 13. Calculate z(3).
-2
Let i(z) = z**2 + 11*z + 7. Let x be (3970/40)/(3/(-12)*1). Let q = x - -387. Calculate i(q).
-3
Let f(b) = -10 - 17 - 15 - 7 + 39 + b. Let y = 9 - 16. Calculate f(y).
-17
Let q(c) be the second derivative of c**8/6720 + c**7/2520 + c**6/720 + c**5/120 + 13*c**4/6 + 4*c. Let w(y) be the third derivative of q(y). Determine w(-2).
-5
Let o(a) = -a**2 + 3*a + 6. Suppose -27 = 4*n + 221. Let k = -56 - n. Determine o(k).
-12
Let a(n) = n**3 + 29*n**2 - 60*n + 64. Let q(b) = 83*b - 944. Let w be q(11). What is a(w)?
2
Let r(m) = m**3 + 3*m**2 - 3*m + 19. Let z be r(-4). Let n(l) = l**3 - 3*l + 1. Let f be n(3). Let i(s) = -s + z + 12 - f. Determine i(0).
8
Let z(i) = -12*i + 418. Let u(f) = 13*f - 281. Let v(j) = -6*u(j) - 4*z(j). What is v(3)?
-76
Let v = 3 + -8. Let h(i) = -7*i**2 + 7*i - 4. Let l(p) = -11*p**2 + 23*p**2 + 12*p + 4 - 11*p**2 - 14*p**2 - 11. Let f(w) = -11*h(w) + 6*l(w). Give f(v).
2
Let w(d) be the second derivative of d**4/12 + d**3/6 - 5*d**2/2 + 8*d. Let z be -2 + 2 - 9 - -2. Let u be (z + 7 + 0)/(1*2). What is w(u)?
-5
Let j(a) be the first derivative of -16*a**4 - a**3/3 + 3*a**2/2 - a + 107. Determine j(1).
-63
Suppose 0 = 71*l - 6*l - 304 - 21. Let w(q) be the first derivative of l*q + 1/4*q**4 + q**3 - 3/2*q**2 - 15. Give w(-4).
1
Suppose -13*d + 0*d = -26. Let t(v) = -2 - 6 + d - 1 + 2*v. Suppose -3*k = 5*n - 19, -5*k = 3*n + n - 10. Give t(n).
3
Let f(l) = 2*l**2 + 11*l + 1. Suppose 323 = 16*h + 419. Give f(h).
7
Suppose -5*c = -158 - 1662. Let l = -363 + c. Let i(x) = -33*x**2 - x. Determine i(l).
-34
Let v(c) = c - 12. Let o(w) = -w**2 + w + 28. Let f be o(5). Let h be 18/f*(14 + -10). Determine v(h).
-3
Let o(k) = -4*k - 34. Suppose -14*w = 31 + 53. Let s be o(w). Let r be (42/35)/(-1 + (-6)/s). Let u(c) = c**3 + 3*c**2 - 3*c - 4. Calculate u(r).
5
Let x(g) = 5*g. Let r(c) = 6*c**2 - 55*c + 14. Let m be r(9). Suppose -6*u - 13 = 3*k - 2*u, -u = m*k - 1. What is x(k)?
5
Let k(m) = 153*m - 124*m - 2*m**2 + 1965 - 1994. Give k(1).
-2
Let z(r) = -r**2 + 49*r - 48. Let k be z(48). Let p(f) = 5*f**3 - f**2 + f + 6. Let y(v) = v**3 - 1. Let j(l) = -p(l) + 4*y(l). Calculate j(k).
-10
Let p(w) = 0*w - 2 - w - 7 + 2. Suppose 2*k - 7*k = -25. Suppose -4*d + 4*q - 25 = 3*q, 0 = k*q - 5. Determine p(d).
-1
Let c(r) = -3*r - 13. Let d(s) = -5*s - 20. Let j(g) = -8*c(g) + 5*d(g). Suppose -1157*a - 466*a + 6927 - 435 = 0. What is j(a)?
0
Let l(j) = -205*j**2 + j**3 - 24 - j + 62*j**2 + 74*j**2 + 74*j**2. Give l(-6).
-54
Suppose 156*f + 22 = 158*f. Let y(v) = -v**2 + 7*v + 33. What is y(f)?
-11
Suppose -24 - 22 = -2*j + p, -21 = -j + p. Let q = -35 - -37. Let k(z) = q + 2 + 7*z**2 - 5 - j*z**2. Determine k(1).
-19
Let a(h) = 31*h**2 - 843 + 48*h + 398 - 30*h + 418 - 2*h**3. Give a(16).
5
Suppose -b - 4*v + 10 = -6*v, 0 = -v. Suppose b*m = -256 + 296. Let t(p) = -7*p - 1 + 2*p + p**2 + 0*p**2. Determine t(m).
-5
Let g(d) = d**2 + 14*d - 7. Let f(y) = 3*y**2 + 49*y - 473. Let o be f(-23). Calculate g(o).
-20
Let d(w) = w**2 + 10*w - 22. Suppose -17*g + 67*g + 6*g + 672 = 0. Give d(g).
2
Let z be -1*25/(-35)*-7. Let q(a) = 7*a + 3 + a**2 + 1 - 2. What is q(z)?
-8
Let n(b) be the third derivative of b**5/60 - b**4/8 + b**3 - 20*b**2 + b - 56. What is n(4)?
10
Let u(a) = a**2 - 5*a + 1. Let r(j) = -13*j - 4. Let f be r(2). Let b = 41 + f. Let x = 17 - b. What is u(x)?
7
Let p = -7 - -10. Let a(x) = x - 1. Let w be a(4). Let m(q) = 19*q**2 - q**w + 0*q - 3 - q - 15*q**2. What is m(p)?
3
Let g(f) = 26*f**3 - 23*f**2 + 129*f - 48. Let l(h) = 8*h**3 - 8*h**2 + 43*h - 16. Let i(y) = 5*g(y) - 16*l(y). Calculate i(-9).
-2
Let z(o) = -o**3 + 4*o**2 + 2*o - 3. Let n = -211 - -215. Suppose 4*a = -8, -n*a - 2 = -y + 10. Calculate z(y).
5
Let b(v) = -5*v**2 - 2719*v + 1371*v + 1344*v + v**3. Determine b(5).
-20
Let a(d) = d**3 + d**2 - 5*d. Let u(k) = 4*k**3 - 2*k**2 - 18*k - 2. Let i(o) = -3*a(o) + u(o). What is i(6)?
16
Let y(s) = s**2 - 2*s + 89. Suppose 5234*n = 5228*n. Give y(n).
89
Suppose 3*d - 99 + 21 = -10*d. Let r(g) = -g**3 + 7*g**2 - 11*g + 17. Calculate r(d).
-13
Let l(x) be the first derivative of -x**7/840 + x**6/20 + 3*x**5/20 + 13*x**4/24 - 34*x**3/3 - 22. Let b(w) be the third derivative of l(w). Give b(19).
-6
Suppose 3*s = d + 11, -37*s + 38*s - 8 = -4*d. Let h(y) = -2 - 7 + 1 + y**2 + 5 - s + 4*y. Determine h(-7).
14
Let k(z) = z**3 - 12*z**2 - 17*z + 41. Let u(s) = 10*s**3 - 119*s**2 - 171*s + 415. Let f(n) = 21*k(n) - 2*u(n). Give f(15).
31
Let o(g) = -g**2 - g - 4. Suppose -3167 - 97 = -4*n. Let u = -816 + n. What is o(u)?
-4
Let b(r) = -2*r**2 + 20*r + 14. Let w be ((1944/(-135))/(-36))/(4/70). Calculate b(w).
56
Let x(i) = 82 + 20*i + 87 + 199 - 188. Calculate x(-9).
0
Let p(b) = 5*b**3 + 23*b**2 + 9*b + 5. Let j(u) = 4*u**3 + 15*u**2 + 11*u + 6. Let s(f) = 4*j(f) - 3*p(f). Give s(6).
3
Suppose -4*b = 2*p - 16, 97*p - 100*p - 6 = -4*b. Let g(v) be the first derivative of 9 - v - v**p + 1/4*v**4 - 1/3*v**3. What is g(2)?
-1
Let x(o) be the second derivative of -1/3*o**4 + 0 - 1/6*o**5 + 11*o - 1/120*o**6 + 10*o**2 + 3/2*o**3. Let y(s) be the first derivative of x(s). Give y(-9).
0
Let n be 5/(50/4) - (-24)/15. Let u(d) = -114 + 2*d**3 - 115 - 4*d**n + 226. Give u(3).
15
Let p(m) = m**3 + 3*m**2 - 4*m. Suppose -7*i + 4*w - 44 = 0, 22*i - 27*i + 2*w = 28. Calculate p(i).
0
Let o(i) be the first derivative of -i**2/2 - 34*i + 8096. What is o(-19)?
-15
Let a(f) = -2*f**3 - 27*f**2 + 11*f - 39. Let m be a(-14). Suppose -r - 4 = 5*d, -m*r + d = 3*d + 12. Let u(n) = -n + 22 - 8 - 9 - n - n**2. What is u(r)?
-3
Let k = -2440